6
Let g(x) = x**2 + 10*x + 25. Let j be g(-8). Calculate the greatest common divisor of j and 1.
1
Suppose 0 = 14*u - 48*u + 136. Calculate the highest common divisor of u and 556.
4
Suppose 4*o = 3*g + 12 - 1, -o - 4*g = 21. Let s(k) = 25*k**2 - 2*k - 1. Let t be s(o). What is the greatest common divisor of t and 182?
26
Let q = -12 + 13. Calculate the highest common factor of 8 and q.
1
Let g be 7*-7*45/(-315). What is the highest common factor of 917 and g?
7
Let m(z) = -500*z + 45. Let l be m(6). Let d be 8/(-76) - l/95. Calculate the greatest common factor of d and 62.
31
Let c(f) = f**2 - 19*f + 49. Let k be c(17). What is the highest common divisor of 5 and k?
5
Let x be 4792/14 + 0 + 42/(-147). What is the highest common divisor of 18 and x?
18
Let o(s) = -15*s - 1. Let x be o(-1). Let t = -6 + x. What is the greatest common factor of t and 24?
8
Suppose -3*p = 3*i - 5*p - 1370, 0 = -4*i - 5*p + 1819. What is the highest common factor of i and 76?
76
Let y(w) = 3*w. Let r be y(2). Let h be (-2)/15 - ((-6320)/(-150))/(-1). What is the greatest common factor of h and r?
6
Let l(n) = n**3 - 8*n**2 + 8*n + 9. Let j be l(7). Let q(b) = 64*b**2 - b - 1. Let r be q(-1). Calculate the greatest common divisor of r and j.
16
Let v(q) = 23*q**2 + 3*q - 16. Let l be v(4). What is the greatest common factor of 56 and l?
28
Let x be (3 - (-598)/(-10))/(4/(-10)). Suppose -x = -5*j - 22. Calculate the highest common divisor of 16 and j.
8
Suppose -2*q - 7 = -75. Let b = q - 32. Let d = -4 + 8. Calculate the highest common factor of b and d.
2
Let l = -268 - -388. Calculate the greatest common factor of l and 90.
30
Let v = 114 + -110. Suppose -d = -3*z - z + v, -d = 2*z - 2. Calculate the greatest common divisor of 16 and z.
1
Let k(a) = a**3 + 29*a**2 + a + 28. Let s be k(-29). Let t be s - -3 - (-5 + 0). Let i = -111 + 188. What is the highest common factor of t and i?
7
Let o = -1181 + 1229. Let g(r) = -120*r**3 + r + 1. Let d be g(-1). What is the highest common divisor of o and d?
24
Let m be (-1)/(-4) + 396/(-48). Let w = 4 - m. What is the greatest common divisor of 108 and w?
12
Suppose 412 + 48 = 4*z. Let d = z + -79. Calculate the highest common divisor of d and 288.
36
Suppose 180 = 12*n + 8*n. What is the highest common divisor of 180 and n?
9
Suppose -5*u - 10 = -50. Calculate the highest common factor of u and 32.
8
Suppose -3*w = -66 + 30. Calculate the greatest common divisor of 108 and w.
12
Let a(s) = -4*s**2 - 53*s - 30. Let q be a(-6). Calculate the highest common divisor of 1656 and q.
72
Let x = 624 - 606. What is the greatest common divisor of x and 114?
6
Let j = 100 + -48. Let g be (-1 + 1)*(2 - 3). Suppose -4*h + j = -g*h. What is the highest common factor of 65 and h?
13
Let p be ((-345)/(-6))/((-3)/(-12)). Calculate the greatest common divisor of p and 184.
46
Let u be (-9)/(-12) - (-446)/(-8). Suppose y = -3*t - 8, -5*y - 2*t + 5*t - 58 = 0. Let p be (-2)/y + (-320)/u. Calculate the highest common divisor of p and 2.
2
Let v be 8/36 - (-172)/36. Suppose 20 = v*o - 0. Suppose 5*d - 103 = d - 3*k, -4*k + 100 = 4*d. Calculate the highest common factor of o and d.
4
Suppose -327 + 267 = -3*d. What is the highest common divisor of d and 180?
20
Let c = 720 + -424. Calculate the highest common factor of c and 16.
8
Suppose 0 = 5*m + 4*i - 72, -m - 2*i + 17 = -1. Suppose 0 = -5*u + 42*b - 45*b + 126, -4*u + 102 = 3*b. What is the greatest common factor of m and u?
12
Let j be -8 - -5 - ((-36 - -5) + 2). Calculate the greatest common divisor of j and 377.
13
Let n be (-6)/3*11/(-2). Let x = n + 11. Suppose 20*i - x*i + 14 = 0. What is the greatest common factor of 14 and i?
7
Let s = 0 + 15. Calculate the greatest common factor of s and 40.
5
Let w = -223 + 233. What is the highest common factor of w and 38?
2
Let i = -51 + 51. Suppose i = 4*s + v - 142, -4*s = -v - 0*v - 138. Calculate the greatest common divisor of s and 10.
5
Let w = 130 + 248. Calculate the highest common factor of w and 56.
14
Let j be 22/5*(-120)/(-48). Suppose 0 = -r + 2*n + 105, 2*n = 4*r + 3*n - 393. Calculate the greatest common factor of r and j.
11
Let o = 266 - 189. Let a(k) = 2*k + 14. Let y be a(-7). Suppose -2*u - 7 = -2*h + u, y = h - 2*u - 1. Calculate the greatest common divisor of o and h.
11
Suppose -2*a - 3*u - 307 = -3*a, 3*u - 1153 = -4*a. Let y = a + -184. Let i be (54/(-21))/((-3)/14). Calculate the highest common factor of i and y.
12
Let y = 361 + -165. What is the greatest common divisor of 4 and y?
4
Let x(y) = -y**2 + 3*y + 4. Let g be x(4). Suppose -3*t - 5*m + 45 = g, -2*t - 2*m - 45 = -5*t. What is the highest common divisor of 165 and t?
15
Let q be ((-3)/(-6) - 0)*0. Suppose 0 = -4*x - q*x + 48. Calculate the highest common divisor of x and 4.
4
Let v = -616 - -642. Calculate the highest common factor of 338 and v.
26
Let c = 396 + -354. Suppose -x = -g + 5, g + x + 4*x = -19. Suppose 0 = 2*l - a - 13, -a + g = -2*a. What is the highest common divisor of c and l?
6
Suppose -5*g = 20, -3*x + 5*g = -283 - 388. Calculate the highest common factor of 93 and x.
31
Let b(r) = -2*r**3 + r + 4 + 1 - 5 + r**2. Let k be b(-1). Suppose -m + 3*m - 94 = -5*y, -3*y - k*m = -54. Calculate the highest common factor of y and 160.
20
Suppose 4*s - 972 = -2*s. Let a = 196 - s. Calculate the greatest common factor of 374 and a.
34
Let t(p) = -p**2 - 4*p + 6. Suppose 3*j + 2*x + 0*x = -9, -4*j = 3*x + 11. Let z be t(j). Calculate the highest common divisor of z and 6.
1
Let g(v) = 2*v**2 + 16*v - 99. Let l be g(9). Calculate the greatest common divisor of l and 9.
9
Let c = 272 - 267. Calculate the highest common factor of c and 2.
1
Let p(z) = 4*z - 40. Let j be p(12). Let d(q) = q - 4. Let m be d(j). Calculate the greatest common divisor of 60 and m.
4
Let u be -1 + (6/((-30)/25) - -97). Calculate the highest common factor of 2093 and u.
91
Let t(a) = -a**2 + 32*a - 138. Let z be t(17). Calculate the greatest common factor of z and 78.
39
Let g be (-9)/27 + (-76)/(-3). Let c = g + 4. Calculate the highest common divisor of 87 and c.
29
Let m = -11 + 10. Let n be 32 - (4 - (m - -9)). What is the highest common divisor of n and 24?
12
Suppose 12 = -0*s + 3*s. Suppose -5*t - s*d + 20 = -25, 0 = -2*t + 5*d - 15. Let n = t - -21. What is the highest common factor of 39 and n?
13
Suppose -936 - 1176 = -6*h. What is the highest common factor of h and 22?
22
Let u(f) = 4 - 230*f - 1 + 0 + 253*f. Let v be u(1). What is the highest common divisor of v and 13?
13
Let u(s) = 34*s**2 - s. Let c be u(-1). Suppose 89*y - 280 = 79*y. What is the highest common divisor of y and c?
7
Let k = 166 - 0. Let w = -165 + k. What is the greatest common factor of w and 17?
1
Let a be (1 + 7)*133/(-28). Let y = -22 - a. Suppose 371 + 349 = 5*w. Calculate the greatest common divisor of y and w.
16
Let l = 107 - 91. Suppose -7*y = -226 + l. Calculate the greatest common divisor of 20 and y.
10
Let g(z) = -2*z**3 - 2*z**2 - 2*z. Let l = 1 + -3. Let k be g(l). Suppose 114 - 294 = -3*x. What is the highest common divisor of k and x?
12
Let n = 1628 + -1622. Let v(k) = -k**2 + 14*k - 6. Let s be v(6). Calculate the highest common factor of s and n.
6
Suppose -4*g - 16 = 0, -4*l - 4*g - 17 = -5*l. Let i be (-4)/(-4) + 89*l. Calculate the highest common divisor of 18 and i.
18
Suppose -642 + 1782 = 114*i. Let f be ((-3)/2)/((-6)/40). What is the greatest common factor of f and i?
10
Let r(t) = -41*t**3 + 4*t**2 + 2*t - 1. Let s be r(-1). What is the greatest common factor of 168 and s?
42
Let g(q) = 4*q**3 - q**2 + q + 2. Let o(t) = t**2 - 7. Let p be o(-3). Let b be g(p). Calculate the greatest common factor of b and 8.
8
Suppose -3*b + 2*y + 164 = -241, -b + 2*y = -135. Calculate the greatest common divisor of 225 and b.
45
Let x(h) = -6 + 54*h - 2*h + 5 + 5. Let o be x(3). What is the greatest common factor of 20 and o?
20
Let l = -179 - -413. What is the greatest common factor of l and 26?
26
Suppose -10*x = -17*x + 798. Let t = x - 92. What is the highest common factor of t and 2?
2
Suppose 25*t + 1836 = 31*t. Suppose j + 3*p - 43 = 0, 4*j - 2*j + 3*p = 77. What is the greatest common factor of t and j?
34
Let q be 3 + 13 + (-12)/3. Let n be ((-8)/10)/(34/85). Let p = 4 -